 l(o)?
7
Let d(h) = 6851*h**2 - 91*h - 168. What is the ten thousands digit of d(-2)?
2
Suppose -2*h = 4*g - 2, 7*g - 4*g = 4*h - 4. Suppose -7560 = -36*a - g*a. What is the hundreds digit of a?
2
Suppose 0 = d - 4*l - 40999, -d - 4*l + 164136 = 3*d. What is the units digit of d?
7
Suppose 0 = -l + 5*l. Suppose l = -4*m + 27 + 17. Suppose -444 = -m*j + 5*j. What is the tens digit of j?
7
Let p(u) = -16*u**2 - 3*u. Let d be p(2). Let c = d - -73. Suppose 0*l + l - 234 = -4*s, 2*s - c*l - 110 = 0. What is the units digit of s?
8
Let j(t) = 6815*t + 5488. What is the units digit of j(5)?
3
What is the tens digit of ((-56948)/(-8))/(34/68)?
3
Let u = 42711 - 18185. What is the units digit of u?
6
Let f(c) = -2*c - 29. Let t be f(-17). Suppose -1204 = -25*k + 23*k - 4*j, -k = -t*j - 581. What is the units digit of k?
6
Let v(r) = -r**3 + 67*r**2 - 12*r + 190. What is the tens digit of v(65)?
6
Suppose -3715*p + 277618 = -3693*p. What is the hundreds digit of p?
6
Let o(r) = -58*r - 74. Let y be 2/(5/60*(3 - 5)). What is the hundreds digit of o(y)?
6
Suppose -2*k = -139 - 1. Let q = k - 68. Suppose s = q*u - 369, -4*s = -4*u + s + 723. What is the units digit of u?
7
Let r = 282 + -271. Let n = r + 601. What is the tens digit of n?
1
What is the thousands digit of 213/(1205/(-151) + 8)?
0
Let i be (-2 + 5)*(-5)/(75/(-3755)). Let x = i + -396. What is the tens digit of x?
5
Let q = 83624 + -47346. What is the thousands digit of q?
6
Let m be (-2)/(-32) + 835171/464. Suppose g + 32 = 3*g. Suppose g*y - 7*y - m = 0. What is the tens digit of y?
0
Let o be 4/(-30) + 1 + (-2031)/(-45). Suppose 0 = -o*w + 52*w - 1968. What is the tens digit of w?
2
Suppose -2*b - 2*b - 3*s = -27160, -s + 20370 = 3*b. What is the hundreds digit of b?
7
Let o(j) = 2*j**2 - 24*j + 77. Let u(k) = 26*k - 220. Let b be u(9). What is the units digit of o(b)?
3
Let o be (176/33)/(16/5352). Let b = 3431 - o. What is the units digit of b?
7
Suppose 3*x - 27 = -0*x. Let j(v) = -v**3 + 8*v**2 - 15*v - 12. Let z be j(x). Let l = 361 + z. What is the units digit of l?
3
Suppose -4*l = 3*w - 16760, 4*l - 2*l + 3*w = 8386. What is the tens digit of l?
8
Let o(u) be the second derivative of 17*u**4/8 - u**3/3 + 17*u**2/2 + 10*u. Let d(f) be the first derivative of o(f). What is the hundreds digit of d(3)?
1
Let u(j) = 3*j**2 + 19*j + 101. Let k(w) = -w**2 - 3. Let d be k(-3). What is the units digit of u(d)?
5
What is the units digit of -96*(-6 + -5 - -13)/((-16)/6)?
2
Let j(u) = 8*u**3 - 7*u**2 - 4*u + 56. Let h(t) = -23*t**3 + 20*t**2 + 11*t - 166. Let p(o) = -6*h(o) - 17*j(o). What is the tens digit of p(0)?
4
Suppose 2*c + 206093 = 4*m - 96303, -c = -4*m + 302400. What is the ten thousands digit of m?
7
Let g be (13/(-11) - (-4)/22)*-255. Let i = 130 + g. What is the hundreds digit of i?
3
What is the thousands digit of 1/(-2) + (10/125 - (-4312989)/450)?
9
Let s(o) = 1780*o**2 + 175*o + 346. What is the tens digit of s(-2)?
1
Let b(d) = -d**2 - 16*d - 19. Let j(l) = -11*l - 2. Let i be j(-5). Suppose -3*k = 4*c + i, -58 - 14 = 5*c - 2*k. What is the units digit of b(c)?
9
Suppose 0 = -28*c - 0*c + 56112. Suppose -15*i = 4*l - 11*i - c, -4*i = 3*l - 1506. What is the units digit of l?
8
Suppose 0 = 2*b - 2 - 2. What is the units digit of ((-456)/3 + b)*36/(-24)?
5
Let l(v) = 6*v**2 - 13*v - 12. Let n be l(-1). Suppose 376 = n*x - 3*x. What is the tens digit of x?
9
Let p be 3*10/6*(-3)/(-5). Let o be 2/(6/p) + 3 + -5. What is the tens digit of (-31 - 0)/(o/2)?
6
Let a = 2484 + -2412. Let m = 3 - 5. What is the units digit of m - (2 - ((-2)/(-1) + a))?
0
Let l = -76031 + 108200. What is the tens digit of l?
6
Let l(o) = o**2 + 20*o + 98. Let b be l(-9). Let p(h) = -187*h**3 - h**2 - 4*h - 2. What is the units digit of p(b)?
8
Let i = 40678 + -9156. What is the tens digit of i?
2
What is the hundreds digit of (-2 - 272/(-85))/(2/445)?
2
Let r = 7019 - 3861. What is the units digit of r?
8
Let l(a) = -6*a**2 + 6*a - 2. Let t be l(-12). Let m = -245 - t. What is the hundreds digit of m?
6
Let p(y) = -2*y - 14. Let g be p(-9). What is the units digit of (g - 4) + (-206)/(-2) - 1?
2
Let x(g) = -11*g**3 - 6*g**2 - 10*g + 17. Let h(n) = 5*n**3 + 3*n**2 + 4*n - 9. Let w(u) = 5*h(u) + 3*x(u). What is the hundreds digit of w(-5)?
9
Let o(i) = i**3 + 11*i**2 + 3*i - 25. Let d be o(-11). Suppose 0 = -c - 3*c + p + 483, 4*c + 3*p = 487. Let l = c + d. What is the tens digit of l?
6
Let v be (-3)/2*(-340)/51. Suppose v*u - 2627 = 653. What is the hundreds digit of u?
3
Let z = -9 - -38. Let f(v) = 240*v + 6487. Let m be f(-27). Let h = z - m. What is the tens digit of h?
2
What is the units digit of ((-786)/10 - (-5 - -2))*(-1160)/16?
1
Suppose -7*p = -0*p - 28. Suppose p*i + 128 = w, -3 = -3*i + 12. What is the units digit of w?
8
Let q = 3534 + -2141. Suppose 5*a + w = 1763, 13*a - 9*a - 5*w - q = 0. What is the tens digit of a?
5
What is the thousands digit of (-1 + 186)/((-6664)/742 - (-4 - 5))?
9
Suppose 0 = -5*x + m + 86749, -3*m = 188*x - 189*x + 17333. What is the hundreds digit of x?
3
Suppose p = 147*f - 152*f + 5478, 4*p - 21981 = 3*f. What is the thousands digit of p?
5
Suppose -147*s + 74178 = 172*s - 293*s. What is the thousands digit of s?
2
Suppose -110236 = -3*v + 5*z, -3*z - 36756 = 26*v - 27*v. What is the hundreds digit of v?
7
Let c(y) = 104*y**3 - y**2 + 2*y + 1. Let o be c(-1). Let t = 235 + o. Let f = 230 - t. What is the units digit of f?
1
Let v(y) = 12*y**2 - 4*y - 27. Let z be v(-5). Let w = z + 174. What is the hundreds digit of w?
4
Let z(m) be the first derivative of 5*m**3/3 + 3*m**2 - 2*m + 381. Suppose -b - 4*o = -13, -2*o + 2 = -6. What is the units digit of z(b)?
5
Let o = -4161 - -11643. What is the hundreds digit of o?
4
Suppose 54*b = 57*b - 5544. Suppose 7*p - 3*p = b. Suppose 5*c = -10, -3*u - c + 19 = -p. What is the hundreds digit of u?
1
Let b be (-10)/14 + 1 + (-2)/7. Suppose -l = d + 4, b = -d - 5*l + 12. What is the units digit of 1*(2/d - (-3501)/36)?
7
Suppose 9*l = -25 - 47. Let j be l/(-68)*987 + (-6)/51. Suppose 0 = q + 4*f - 16, -3*q = -6*f + f - j. What is the tens digit of q?
3
Suppose 0 = -2*q - 2*i + 322 + 698, 3*q - 1530 = 3*i. Let z = q + -167. Suppose 15*k - z = 47. What is the tens digit of k?
2
Suppose -3*a + 11326 = 4*u - 8637, 5*u = 5*a - 33225. What is the tens digit of a?
4
Suppose 11*r + r = -12408. Let a = -397 - r. What is the hundreds digit of a?
6
Suppose -h + 1025 = 36. Let b = h + 378. What is the units digit of b?
7
Let i(t) be the second derivative of t**4/12 + 4*t**3/3 - 9*t**2 + 17*t. Let p be i(-10). Suppose 165 + p = g. What is the units digit of g?
7
Suppose 7*a + 7 = 35. Suppose 2*g - x - 1 + a = 0, 5*g + 5 = 5*x. What is the tens digit of (g - -1)/(4/(1*-132))?
3
Let w(x) = -2*x**3 + 37*x**2 - 8*x + 9. What is the tens digit of w(-11)?
3
Let g(y) = -9*y + 103. Let f = -261 + 233. What is the units digit of g(f)?
5
Let n = -3028 + 5363. Let c = n - 1564. What is the units digit of c?
1
Suppose 16 = 4*o, -k + 24 = k + 5*o. Suppose b = -k*r + 6 + 8, 2*b + 7 = 3*r. What is the tens digit of 9552/90 + b/(-30)?
0
Let k(b) = -171*b - 7. Let q be k(-2). Suppose -6*r - q = 115. What is the units digit of (10/r*10)/(2/(-402))?
8
Let o = -2642 + 1509. Let f = o - -1665. What is the hundreds digit of f?
5
Let q(x) = -3*x**2 + 4 + x + 1 + 6*x**3 - 3 + 4. Let y = -41 + 44. What is the hundreds digit of q(y)?
1
Let s = -431 + 432. Let l be ((-9)/6)/((-2)/(-4)). What is the units digit of 11*9 + 1*(s + l)?
7
Suppose 5*c = -3*b + 42878, 10*b - c = 5*b + 71426. What is the hundreds digit of b?
2
Let j(l) = 211*l + 27 + 56*l**2 - 102*l - 102*l. What is the tens digit of j(-4)?
9
Let n(o) = -o**2 - 9*o + 12. Let m be n(-9). Suppose 80 = -14*g + m*g. Let d = g + 85. What is the units digit of d?
5
Let i = -833 - -1753. What is the tens digit of i?
2
Suppose -18*g = -13*g - 10170. Suppose 38*j - g = 32*j. What is the hundreds digit of j?
3
Suppose -4*u - u = 3*u. Suppose -3*f + 1149 = 4*p, -p = 2*f - u*p - 766. What is the tens digit of f?
8
What is the ten thousands digit of ((-72)/(-2)*(-1 - -11))/(1090/38695)?
1
Let f be (-2)/8 - (-5)/(-12)*-2103. Let q = -817 + f. What is the units digit of q?
9
Let x(c) = -2*c**3 + 20*c**2 + 15. L